{"id":100055,"date":"2026-04-01T10:52:11","date_gmt":"2026-04-01T10:52:11","guid":{"rendered":"https:\/\/www.jlr-aspromo.it\/landrover\/?page_id=100055"},"modified":"2026-04-01T10:54:35","modified_gmt":"2026-04-01T10:54:35","slug":"campagna-ricambi-retention-range-rover","status":"publish","type":"page","link":"https:\/\/www.jlr-aspromo.it\/landrover\/campagna-ricambi-retention-range-rover\/","title":{"rendered":"Campagna ricambi Retention Range Rover"},"content":{"rendered":"<div id=\"dslc-theme-content\"><div id=\"dslc-theme-content-inner\"><div id=\"dslc-content\" class=\"dslc-content dslc-clearfix\">\n<div id=\"dslc-main\">\n<div  class=\"dslc-modules-section  dslc-full  dslc-no-columns-spacing  dslc-sticky-row \" style=\"padding-bottom:30px;padding-top:30px;background-color:#ffffff;border-color:#d7d7d7;border-width:1px;border-top-style: hidden; border-right-style: hidden; border-left-style: hidden; \" data-section-id=\"c2f11069d92\">\n<div class=\"dslc-modules-section-wrapper dslc-clearfix\">\n<div class=\"dslc-modules-area dslc-col dslc-12-col dslc-last-col dslc-valign- \" data-size=\"12\" data-valign=\"\">\n<div id=\"dslc-module-db9f05376f0\" class=\"dslc-module-front dslc-module-DSLC_Html dslc-in-viewport-check dslc-in-viewport-anim-none  dslc-col dslc-12-col dslc-last-col  dslc-module-handle-like-regular \" data-module-id=\"db9f05376f0\" data-module=\"DSLC_Html\" data-dslc-module-size=\"12\" data-dslc-anim=\"none\" data-dslc-anim-delay=\"0\" data-dslc-anim-duration=\"650\"  data-dslc-anim-easing=\"ease\" data-dslc-preset=\"none\" >\n<div class=\"dslc-html-module-content\"><?xml version=\"1.0\" encoding=\"UTF-8\"?><br \/>\n<svg id=\"Layer_2\" height=\"11\" xmlns=\"http:\/\/www.w3.org\/2000\/svg\" version=\"1.1\" viewBox=\"0 0 191.2 11.1\">\n  <defs><\/p>\n<style>\n      .st0 {\n        fill: #0c121c;\n        fill-rule: evenodd;\n      }\n    <\/style>\n<p>  <\/defs>\n  <path class=\"st0\" d=\"M64.9,4.8v2.2h6.3v.6c0,.6-.4,1-1,1h-8.1c-.5,0-1-.5-1-1V3.6c0-.6.4-1,1-1h8.1c.5,0,1,.5,1,1h0v.2h3,0s0-.7,0-.7c-.1-1.6-1.4-2.9-3-2.9h-4.9S61.3,0,61.3,0c-1.7,0-2.9,1.3-3,2.9-.2,1.8-.1,3.4,0,5.2.1,1.6,1.4,2.9,3,2.9h4.9s4.9,0,4.9,0c1.6,0,2.9-1.3,3-2.9.1-1.1,0-2.2,0-3.4h-9.3Z\"\/>\n  <polygon class=\"st0\" points=\"160.2 8.4 160.2 6.7 169.9 6.7 169.9 4.4 160.2 4.4 160.2 2.7 171.4 2.7 171.4 .2 157.2 .2 157.2 10.9 171.4 10.9 171.4 8.4 160.2 8.4\"\/>\n  <polygon class=\"st0\" points=\"146.1 8.4 140.4 .2 136.6 .2 144.3 10.9 146.1 10.9 146.1 10.9 148 10.9 155.6 .2 151.9 .2 146.1 8.4\"\/>\n  <polygon class=\"st0\" points=\"52.2 7.4 43.3 .2 38.5 .2 38.5 10.9 41.6 10.9 41.6 3 51.5 10.9 55.4 10.9 55.4 .2 52.2 .2 52.2 7.4\"\/>\n  <polygon class=\"st0\" points=\"91.4 2.7 91.4 .2 77.2 .2 77.2 10.9 91.4 10.9 91.4 8.4 80.2 8.4 80.2 6.7 89.9 6.7 89.9 4.4 80.2 4.4 80.2 2.7 91.4 2.7\"\/>\n  <path class=\"st0\" d=\"M25.6.2l-7.6,10.7h3.8s1.5-2.2,1.5-2.2h8.4s1.5,2.2,1.5,2.2h3.8S29.3.2,29.3.2c-1.2,0-2.5,0-3.7,0ZM27.4,6.5h0s-2.6,0-2.6,0l2.6-3.8,2.6,3.8h-2.6Z\"\/>\n  <path class=\"st0\" d=\"M16,3.7c0-1.9-1.6-3.5-3.5-3.5H0v10.7h3.1s0-3.7,0-3.7h6.5l3.2,3.7h4.1l-3.3-3.9c1.4-.4,2.5-1.8,2.5-3.3ZM11.8,4.7h0s-8.6,0-8.6,0v-1.9h8.7c.5,0,.9.4.9,1s-.4,1-.9,1Z\"\/>\n  <path class=\"st0\" d=\"M117,3.7c0-1.9-1.6-3.5-3.5-3.5h-12.5v10.7h3.1s0-3.7,0-3.7h6.5l3.2,3.7h4.1l-3.3-3.9c1.4-.4,2.5-1.8,2.5-3.3ZM112.8,4.7h0s-8.6,0-8.6,0v-1.9h8.7c.5,0,.9.4.9,1s-.4,1-.9,1Z\"\/>\n  <path class=\"st0\" d=\"M187.9,7c1.4-.4,2.5-1.8,2.5-3.3s-1.6-3.5-3.5-3.5h-12.5v10.7h3.1s0-3.7,0-3.7h6.5l3.2,3.7h4.1l-3.3-3.9ZM186.2,4.7h0s-8.6,0-8.6,0v-1.9h8.7c.5,0,.9.4.9,1s-.4,1-.9,1Z\"\/>\n  <path class=\"st0\" d=\"M135.7,3c-.1-1.6-1.3-2.9-3-2.9h-4.9s-4.9,0-4.9,0c-1.6,0-2.9,1.3-3,2.9v1.1c-.1,0-.1,1.5-.1,1.5v1.1s.1,1.5.1,1.5c.1,1.6,1.3,2.9,3,2.9h4.9s4.9,0,4.9,0c1.6,0,2.9-1.3,3-2.9v-1.1c.1,0,.1-1.5.1-1.5v-1.1s-.1-1.5-.1-1.5ZM132.8,7.6c0,.6-.4,1-1,1h-8.1c-.5,0-1-.5-1-1V3.6c0-.6.4-1,1-1h8.1c.5,0,1,.5,1,1v4Z\"\/>\n<\/svg><\/div>\n<\/p><\/div>\n<p><!-- .dslc-module -->\n\t\t<\/div>\n<\/div>\n<style type=\"text\/css\">.dslc-sticky-row[data-section-id=\"c2f11069d92\"].dslc-sticky-section-fixed {padding-top: 20px !important; padding-bottom: 20px !important;}<\/style>\n<\/div>\n<div  class=\"dslc-modules-section  dslc-no-columns-spacing  dslc-hide-on-tablet  dslc-hide-on-phone \" style=\"padding-bottom:0px;padding-top:0px;padding-left:6%;padding-right:6%;background-color:#ffffff;background-repeat:no-repeat;background-position:center center;background-size:cover;border-color:rgb(232, 232, 232);border-right-style: hidden; border-left-style: hidden; \" data-section-id=\"762c0a35b05\">\n<div class=\"dslc-modules-section-wrapper dslc-clearfix\">\n<div class=\"dslc-modules-area dslc-col dslc-6-col dslc-first-col dslc-valign- \" data-size=\"6\" data-valign=\"\">\n<div id=\"dslc-module-f40c99682bd\" class=\"dslc-module-front dslc-module-DSLC_Text_Simple dslc-in-viewport-check dslc-in-viewport-anim-none  dslc-col dslc-12-col dslc-last-col  dslc-module-handle-like-regular \" data-module-id=\"f40c99682bd\" data-module=\"DSLC_Text_Simple\" data-dslc-module-size=\"12\" data-dslc-anim=\"none\" data-dslc-anim-delay=\"\" data-dslc-anim-duration=\"650\"  data-dslc-anim-easing=\"ease\" data-dslc-preset=\"none\" >\n<div class=\"dslc-text-module-content\">\n<h3>RICAMBI ORIGINALI<\/h3>\n<h1>INSIEME OLTRE IL TEMPO<\/h1>\n<\/p><\/div>\n<\/p><\/div>\n<p><!-- .dslc-module --><\/p>\n<div id=\"dslc-module-5070c11fc87\" class=\"dslc-module-front dslc-module-DSLC_Button dslc-in-viewport-check dslc-in-viewport-anim-none  dslc-col dslc-12-col dslc-last-col  dslc-module-handle-like-regular \" data-module-id=\"5070c11fc87\" data-module=\"DSLC_Button\" data-dslc-module-size=\"12\" data-dslc-anim=\"none\" data-dslc-anim-delay=\"\" data-dslc-anim-duration=\"650\"  data-dslc-anim-easing=\"ease\" data-dslc-preset=\"buttonblue-left\" >\n<div class=\"dslc-button\">\n\t\t\t\t\t\t\t\t\t<a href=\"https:\/\/www.landrover.it\/national-dealer-locator.html\" target=\"_blank\"  onClick=\"\" class=\"\"><br \/>\n\t\t\t\t\t\t\t\t\t\t\t\t\t\t\t\t\t\t\t<span>TROVA IL TUO CENTRO AUTORIZZATO<\/span><br \/>\n\t\t\t\t\t\t\t\t\t\t\t\t\t\t\t\t\t<\/a>\n\t\t\t\t\t\t\t<\/div>\n<p><!-- .dslc-button --><\/p><\/div>\n<p><!-- .dslc-module -->\n\t\t<\/div>\n<div class=\"dslc-modules-area dslc-col dslc-6-col dslc-last-col dslc-valign-undefined \" data-size=\"6\" data-valign=\"undefined\">\n<div id=\"dslc-module-32389ceee99\" class=\"dslc-module-front dslc-module-DSLC_Image dslc-in-viewport-check dslc-in-viewport-anim-none  dslc-col dslc-12-col dslc-last-col  dslc-module-handle-like-regular \" data-module-id=\"32389ceee99\" data-module=\"DSLC_Image\" data-dslc-module-size=\"12\" data-dslc-anim=\"none\" data-dslc-anim-delay=\"\" data-dslc-anim-duration=\"650\"  data-dslc-anim-easing=\"ease\" data-dslc-preset=\"none\" >\n<div class=\"dslc-image-container\">\n<div class=\"dslc-image\">\n<p>\t\t\t\t\t\t\t\t\t<img decoding=\"async\" src=\"https:\/\/www.jlr-aspromo.it\/landrover\/wp-content\/uploads\/2026\/02\/range-rover-insieme-oltre-il-tempo-small.jpg\" alt=\"\" title=\"\" srcset=\"https:\/\/www.jlr-aspromo.it\/landrover\/wp-content\/uploads\/2026\/02\/range-rover-insieme-oltre-il-tempo-small.jpg 1920w, https:\/\/www.jlr-aspromo.it\/landrover\/wp-content\/uploads\/2026\/02\/range-rover-insieme-oltre-il-tempo-small-300x156.jpg 300w, https:\/\/www.jlr-aspromo.it\/landrover\/wp-content\/uploads\/2026\/02\/range-rover-insieme-oltre-il-tempo-small-1024x533.jpg 1024w, https:\/\/www.jlr-aspromo.it\/landrover\/wp-content\/uploads\/2026\/02\/range-rover-insieme-oltre-il-tempo-small-768x400.jpg 768w, https:\/\/www.jlr-aspromo.it\/landrover\/wp-content\/uploads\/2026\/02\/range-rover-insieme-oltre-il-tempo-small-1536x800.jpg 1536w\" sizes=\"(max-width: 1920px) 100vw, 1920px\" \/><\/p><\/div>\n<p><!-- .dslc-image -->\n\t\t<\/div>\n<\/p><\/div>\n<p><!-- .dslc-module -->\n\t\t<\/div>\n<\/div>\n<\/div>\n<div  class=\"dslc-modules-section  dslc-hide-on-desktop \" style=\"padding-bottom:0px;padding-top:0px;padding-left:6%;padding-right:6%;background-color:#ffffff;background-repeat:no-repeat;background-position:center center;background-size:cover;border-color:rgb(232, 232, 232);border-right-style: hidden; border-left-style: hidden; \" data-section-id=\"c63e01e1f46\">\n<div class=\"dslc-modules-section-wrapper dslc-clearfix\">\n<div class=\"dslc-modules-area dslc-col dslc-12-col dslc-last-col dslc-valign-undefined \" data-size=\"12\" data-valign=\"undefined\">\n<div id=\"dslc-module-f25ed279369\" class=\"dslc-module-front dslc-module-DSLC_Image dslc-in-viewport-check dslc-in-viewport-anim-none  dslc-col dslc-12-col dslc-last-col  dslc-module-handle-like-regular \" data-module-id=\"f25ed279369\" data-module=\"DSLC_Image\" data-dslc-module-size=\"12\" data-dslc-anim=\"none\" data-dslc-anim-delay=\"\" data-dslc-anim-duration=\"650\"  data-dslc-anim-easing=\"ease\" data-dslc-preset=\"none\" >\n<div class=\"dslc-image-container\">\n<div class=\"dslc-image\">\n<p>\t\t\t\t\t\t\t\t\t<img decoding=\"async\" src=\"https:\/\/www.jlr-aspromo.it\/landrover\/wp-content\/uploads\/2026\/02\/range-rover-insieme-oltre-il-tempo-small.jpg\" alt=\"\" title=\"\" srcset=\"https:\/\/www.jlr-aspromo.it\/landrover\/wp-content\/uploads\/2026\/02\/range-rover-insieme-oltre-il-tempo-small.jpg 1920w, https:\/\/www.jlr-aspromo.it\/landrover\/wp-content\/uploads\/2026\/02\/range-rover-insieme-oltre-il-tempo-small-300x156.jpg 300w, https:\/\/www.jlr-aspromo.it\/landrover\/wp-content\/uploads\/2026\/02\/range-rover-insieme-oltre-il-tempo-small-1024x533.jpg 1024w, https:\/\/www.jlr-aspromo.it\/landrover\/wp-content\/uploads\/2026\/02\/range-rover-insieme-oltre-il-tempo-small-768x400.jpg 768w, https:\/\/www.jlr-aspromo.it\/landrover\/wp-content\/uploads\/2026\/02\/range-rover-insieme-oltre-il-tempo-small-1536x800.jpg 1536w\" sizes=\"(max-width: 1920px) 100vw, 1920px\" \/><\/p><\/div>\n<p><!-- .dslc-image -->\n\t\t<\/div>\n<\/p><\/div>\n<p><!-- .dslc-module -->\n\t\t<\/div>\n<div class=\"dslc-modules-area dslc-col dslc-12-col dslc-last-col dslc-valign- \" data-size=\"12\" data-valign=\"\">\n<div id=\"dslc-module-a76c4f178fd\" class=\"dslc-module-front dslc-module-DSLC_Text_Simple dslc-in-viewport-check dslc-in-viewport-anim-none  dslc-col dslc-12-col dslc-last-col  dslc-module-handle-like-regular \" data-module-id=\"a76c4f178fd\" data-module=\"DSLC_Text_Simple\" data-dslc-module-size=\"12\" data-dslc-anim=\"none\" data-dslc-anim-delay=\"\" data-dslc-anim-duration=\"650\"  data-dslc-anim-easing=\"ease\" data-dslc-preset=\"none\" >\n<div class=\"dslc-text-module-content\">\n<h3>RICAMBI ORIGINALI<\/h3>\n<h1>INSIEME OLTRE IL TEMPO<\/h1>\n<\/p><\/div>\n<\/p><\/div>\n<p><!-- .dslc-module --><\/p>\n<div id=\"dslc-module-84fbf61bf35\" class=\"dslc-module-front dslc-module-DSLC_Button dslc-in-viewport-check dslc-in-viewport-anim-none  dslc-col dslc-12-col dslc-last-col  dslc-module-handle-like-regular \" data-module-id=\"84fbf61bf35\" data-module=\"DSLC_Button\" data-dslc-module-size=\"12\" data-dslc-anim=\"none\" data-dslc-anim-delay=\"\" data-dslc-anim-duration=\"650\"  data-dslc-anim-easing=\"ease\" data-dslc-preset=\"buttonblue-left\" >\n<div class=\"dslc-button\">\n\t\t\t\t\t\t\t\t\t<a href=\"https:\/\/www.landrover.it\/national-dealer-locator.html\" target=\"_blank\"  onClick=\"\" class=\"\"><br \/>\n\t\t\t\t\t\t\t\t\t\t\t\t\t\t\t\t\t\t\t<span>TROVA IL TUO CENTRO AUTORIZZATO<\/span><br \/>\n\t\t\t\t\t\t\t\t\t\t\t\t\t\t\t\t\t<\/a>\n\t\t\t\t\t\t\t<\/div>\n<p><!-- .dslc-button --><\/p><\/div>\n<p><!-- .dslc-module -->\n\t\t<\/div>\n<\/div>\n<\/div>\n<div  class=\"dslc-modules-section \" style=\"padding-bottom:60px;padding-top:60px;background-color:#f8f9f9;border-right-style: hidden; border-left-style: hidden; \" data-section-id=\"7663039ad2f\">\n<div class=\"dslc-modules-section-wrapper dslc-clearfix\">\n<div class=\"dslc-modules-area dslc-col dslc-12-col dslc-last-col dslc-valign- \" data-size=\"12\" data-valign=\"\">\n<div id=\"dslc-module-958b223e9ef\" class=\"dslc-module-front dslc-module-DSLC_Separator dslc-in-viewport-check dslc-in-viewport-anim-none  dslc-col dslc-2-col  dslc-module-handle-like-regular \" data-module-id=\"958b223e9ef\" data-module=\"DSLC_Separator\" data-dslc-module-size=\"2\" data-dslc-anim=\"none\" data-dslc-anim-delay=\"\" data-dslc-anim-duration=\"650\"  data-dslc-anim-easing=\"ease\" data-dslc-preset=\"none\" >\n<div class=\"dslc-separator-wrapper\">\n<div class=\"dslc-separator dslc-separator-style-invisible\">\n\t\t\t\t\t\t\t\t\t<\/div>\n<div><\/div>\n<\/p><\/div>\n<p><!-- .dslc-separator-wrapper --><\/p><\/div>\n<p><!-- .dslc-module --><\/p>\n<div id=\"dslc-module-331cabf3045\" class=\"dslc-module-front dslc-module-DSLC_Text_Simple dslc-in-viewport-check dslc-in-viewport-anim-none  dslc-col dslc-8-col  dslc-module-handle-like-regular \" data-module-id=\"331cabf3045\" data-module=\"DSLC_Text_Simple\" data-dslc-module-size=\"8\" data-dslc-anim=\"none\" data-dslc-anim-delay=\"\" data-dslc-anim-duration=\"650\"  data-dslc-anim-easing=\"ease\" data-dslc-preset=\"none\" >\n<div class=\"dslc-text-module-content\">\n<p>La vera prova per una Range Rover \u00e8 la strada, dove solo i <strong>Ricambi Originali<\/strong> possono garantire qualit\u00e0, affidabilit\u00e0 e prestazioni ineguagliabili.<\/p>\n<p>Rivolgiti a chi conosce la tua auto alla perfezione e ti garantisce l\u2019utilizzo esclusivo di olio Castrol e di <strong>Ricambi Originali: fino al 30 giugno 2026<\/strong>, per vetture <strong>oltre i 5 anni<\/strong>, potrai approfittare di un <strong>vantaggio esclusivo del 20% sui ricambi<\/strong>.<\/p>\n<p>Offri il meglio alla tua Range Rover, ti aspettiamo.<\/p>\n<\/p><\/div>\n<\/p><\/div>\n<p><!-- .dslc-module -->\n\t\t<\/div>\n<\/div>\n<\/div>\n<\/div>\n<\/div>\n<\/div><\/div>","protected":false},"excerpt":{"rendered":"<p>RICAMBI ORIGINALI INSIEME OLTRE IL TEMPO TROVA IL TUO CENTRO AUTORIZZATO RICAMBI ORIGINALI INSIEME OLTRE IL TEMPO TROVA IL TUO CENTRO AUTORIZZATO La vera prova per una Range Rover \u00e8 la strada, dove solo i Ricambi Originali possono garantire qualit\u00e0, affidabilit\u00e0 e prestazioni ineguagliabili. Rivolgiti a chi conosce la tua auto alla perfezione e ti [&hellip;]<\/p>\n","protected":false},"author":2,"featured_media":0,"parent":0,"menu_order":0,"comment_status":"closed","ping_status":"closed","template":"","meta":{"footnotes":""},"_links":{"self":[{"href":"https:\/\/www.jlr-aspromo.it\/landrover\/wp-json\/wp\/v2\/pages\/100055"}],"collection":[{"href":"https:\/\/www.jlr-aspromo.it\/landrover\/wp-json\/wp\/v2\/pages"}],"about":[{"href":"https:\/\/www.jlr-aspromo.it\/landrover\/wp-json\/wp\/v2\/types\/page"}],"author":[{"embeddable":true,"href":"https:\/\/www.jlr-aspromo.it\/landrover\/wp-json\/wp\/v2\/users\/2"}],"replies":[{"embeddable":true,"href":"https:\/\/www.jlr-aspromo.it\/landrover\/wp-json\/wp\/v2\/comments?post=100055"}],"version-history":[{"count":3,"href":"https:\/\/www.jlr-aspromo.it\/landrover\/wp-json\/wp\/v2\/pages\/100055\/revisions"}],"predecessor-version":[{"id":108215,"href":"https:\/\/www.jlr-aspromo.it\/landrover\/wp-json\/wp\/v2\/pages\/100055\/revisions\/108215"}],"wp:attachment":[{"href":"https:\/\/www.jlr-aspromo.it\/landrover\/wp-json\/wp\/v2\/media?parent=100055"}],"curies":[{"name":"wp","href":"https:\/\/api.w.org\/{rel}","templated":true}]}}